on factor of 120918 and 1743.
21
Calculate the highest common factor of 23291887 and 731.
17
Calculate the highest common factor of 478834969 and 706.
353
Calculate the greatest common divisor of 23928 and 2461593.
2991
What is the greatest common factor of 69189 and 339?
3
What is the highest common divisor of 5343 and 88093603?
1781
What is the highest common divisor of 262790721 and 1044?
261
Calculate the highest common factor of 2912 and 628412512.
2912
Calculate the greatest common factor of 2035 and 110674955.
185
What is the highest common factor of 15372 and 758169?
549
Calculate the highest common factor of 3925 and 4368211.
157
What is the greatest common divisor of 507 and 53473459?
169
What is the highest common factor of 282 and 89155992?
282
Calculate the highest common factor of 6441 and 88521.
57
What is the greatest common factor of 1018185 and 7455?
105
What is the highest common factor of 13464663 and 204?
51
Calculate the highest common factor of 5429398 and 4394.
26
Calculate the highest common divisor of 3843210 and 777.
21
Calculate the greatest common factor of 45780 and 50260.
140
What is the highest common factor of 852 and 24842616?
852
Calculate the greatest common factor of 41198460 and 190.
190
Calculate the highest common divisor of 61641 and 201609.
81
What is the highest common divisor of 45392 and 70216?
8
Calculate the greatest common divisor of 2331 and 257065011.
2331
What is the highest common factor of 1124334 and 788049?
1269
Calculate the highest common divisor of 6279286 and 104.
26
Calculate the greatest common divisor of 33 and 9191699.
11
Calculate the greatest common factor of 6933944 and 112.
8
What is the highest common factor of 130 and 25348965?
5
Calculate the greatest common factor of 1284 and 742373704.
428
Calculate the greatest common divisor of 45190 and 1350.
10
Calculate the highest common divisor of 317853730 and 123.
41
What is the greatest common divisor of 84285 and 20493?
9
Calculate the highest common divisor of 285 and 75095.
5
Calculate the highest common divisor of 2373 and 181479.
3
What is the greatest common divisor of 365080 and 280?
40
What is the highest common divisor of 32071014 and 32234?
454
What is the highest common divisor of 481859080 and 10?
10
Calculate the greatest common factor of 6754647 and 34941.
1839
What is the highest common divisor of 783 and 14302116?
27
Calculate the highest common divisor of 1090 and 73120.
10
Calculate the highest common factor of 35363615 and 1015.
1015
What is the greatest common divisor of 29150372 and 554?
554
What is the greatest common divisor of 120 and 762120?
120
Calculate the highest common divisor of 106265428 and 50876.
7268
Calculate the highest common divisor of 5415 and 54359380.
1805
What is the greatest common divisor of 1340512 and 9454?
326
What is the highest common divisor of 348852 and 6776?
28
What is the greatest common divisor of 286 and 10630100?
26
What is the greatest common factor of 106518405 and 1960?
245
Calculate the highest common divisor of 19210 and 2480470.
170
What is the greatest common divisor of 23110404 and 12?
12
Calculate the highest common divisor of 256 and 61330912.
32
What is the highest common divisor of 798 and 8248962?
6
Calculate the greatest common factor of 24008536 and 152.
8
What is the greatest common factor of 186651543 and 78?
39
Calculate the highest common factor of 56529 and 7042143.
1713
What is the highest common divisor of 12578876 and 4988?
172
What is the greatest common divisor of 1232 and 62580056?
616
What is the highest common factor of 4637124 and 136?
68
What is the highest common factor of 6616391 and 41?
1
What is the highest common divisor of 56365820 and 1960?
140
Calculate the greatest common divisor of 1898138781 and 198.
99
What is the highest common factor of 3684 and 741504?
12
What is the greatest common factor of 100337340 and 16?
4
Calculate the greatest common divisor of 6239263 and 14108.
3527
What is the highest common factor of 70488293 and 446?
223
What is the highest common factor of 410 and 3814394000?
410
What is the highest common divisor of 155584000 and 6528?
2176
What is the highest common factor of 152 and 1918886?
38
Calculate the highest common divisor of 856 and 1478696.
8
Calculate the greatest common factor of 5421 and 8905869.
417
Calculate the greatest common divisor of 18236860 and 2555.
365
What is the highest common divisor of 57822128 and 111891?
1963
Calculate the highest common divisor of 61135662 and 12606.
1146
Calculate the highest common factor of 2420 and 18999332.
44
Calculate the highest common divisor of 40 and 1267080.
40
What is the greatest common divisor of 1204072 and 944?
472
What is the greatest common factor of 1359957 and 48351?
681
Calculate the highest common factor of 528264 and 578864.
2024
What is the highest common divisor of 13338 and 3255174?
702
Calculate the highest common divisor of 3391602 and 154734.
4182
Calculate the greatest common divisor of 4847 and 31829879.
37
Calculate the highest common divisor of 17889003 and 2904.
363
Calculate the highest common factor of 225675 and 1165545.
2655
What is the greatest common divisor of 124169 and 12939?
227
Calculate the greatest common factor of 6021 and 363385413.
6021
What is the highest common factor of 592375 and 324625?
875
What is the highest common factor of 1305 and 9906255?
1305
What is the greatest common factor of 65 and 206773840?
65
Calculate the greatest common factor of 253161 and 38502.
207
Calculate the highest common divisor of 20942032 and 8858.
86
Calculate the greatest common divisor of 2360 and 30555392.
472
What is the highest common divisor of 9088912 and 16?
16
What is the greatest common divisor of 13508 and 55194916?
1228
What is the greatest common divisor of 4010856 and 104?
8
Calculate the greatest common factor of 3751848 and 5092344.
7704
Calculate the highest common factor of 633111093 and 26622.
13311
Calculate the highest common factor of 133637 and 6834.
17
What is the highest common factor of 124 and 10486804?
124
Calculate the greatest common factor of 18576 and 1676656.
688
Calculate the highest common factor of 28917 and 1915305.
357
Calculate the greatest common factor of 44608544 and 10234.
1462
What is the greatest common factor of 89870 and 455069?
817
Calculate the greatest common factor of 270 and 194282415.
135
What is the highest common divisor of 216 and 16964988?
12
Calculate the greatest common divisor of 6251 and 57152.
893
Calculate the greatest common divisor of 23660 and 133420.
140
Calculate the highest common factor of 1105 and 13189280.
1105
Calculate the greatest common factor of 59340 and 886101.
129
What is the greatest common factor of 462734506 and 4238?
4238
Calculate the greatest common factor of 34720 and 1093505.
35
Calculate the highest common divisor of 90 and 29107422.
18
Calculate the highest common factor of 1426060 and 452.
452
Calculate the highest common factor of 11088042 and 56.
14
What is the highest common factor of 1993004 and 44?
4
What is the highest common factor of 43001625 and 165?
15
What is the greatest common divisor of 3052 and 73712667?
763
Calculate the greatest common factor of 212 and 42885692.
212
What is the highest common factor of 4869 and 267796623?
1623
Calculate the greatest common factor of 78 and 190058934.
78
What is the highest common factor of 31 and 128102?
1
Calculate the highest common factor of 21336 and 242448.
24
Calculate the greatest common divisor of 19563156 and 636.
12
What is the greatest common factor of 426279 and 3816?
159
Calculate the highest common divisor of 37430 and 390454.
394
Calculate the greatest common factor of 1749 and 1477905.
1749
What is the highest common divisor of 2344 and 5577548?
1172
Calculate the highest common divisor of 2947992 and 438.
6
Calculate the greatest common divisor of 32619 and 262917.
393
Calculate the greatest common factor of 52 and 107614793.
13
What is the highest common factor of 78196533 and 5556?
1389
Calculate the greatest common factor of 41772 and 9852.
12
Calculate the highest common divisor of 291466 and 4256.
14
Calculate the greatest common factor of 464634 and 102339.
747
Ca